{"id":1221,"date":"2025-05-22T23:19:29","date_gmt":"2025-05-22T23:19:29","guid":{"rendered":"https:\/\/prueba.siaco.com.co\/?page_id=1221"},"modified":"2025-05-22T23:21:22","modified_gmt":"2025-05-22T23:21:22","slug":"cultura-organizacional","status":"publish","type":"page","link":"https:\/\/siaco.com.co\/index.php\/cultura-organizacional\/","title":{"rendered":"Cultura organizacional"},"content":{"rendered":"<p>[et_pb_section fb_built=&#8221;1&#8243; admin_label=&#8221;About&#8221; _builder_version=&#8221;4.27.2&#8243; _module_preset=&#8221;default&#8221; background_color=&#8221;gcid-af6245ea-df40-48a8-9687-67293107dc0c&#8221; use_background_color_gradient=&#8221;on&#8221; background_color_gradient_direction=&#8221;90deg&#8221; background_color_gradient_stops=&#8221;#2875b4 0%|rgba(0,0,0,0) 100%&#8221; background_color_gradient_overlays_image=&#8221;on&#8221; background_color_gradient_start=&#8221;#2875b4&#8243; background_color_gradient_end=&#8221;rgba(0,0,0,0)&#8221; background_image=&#8221;https:\/\/prueba.siaco.com.co\/wp-content\/uploads\/2024\/09\/banner-nosotros.png&#8221; parallax=&#8221;on&#8221; custom_padding=&#8221;20vw||20vw||true|false&#8221; bottom_divider_style=&#8221;arrow&#8221; bottom_divider_color=&#8221;#f5f5f5&#8243; bottom_divider_height=&#8221;72px&#8221; bottom_divider_height_tablet=&#8221;72px&#8221; bottom_divider_height_phone=&#8221;20px&#8221; bottom_divider_height_last_edited=&#8221;on|phone&#8221; locked=&#8221;off&#8221; collapsed=&#8221;on&#8221; global_colors_info=&#8221;{%22gcid-af6245ea-df40-48a8-9687-67293107dc0c%22:%91%22background_color%22,%22background_color%22,%22background_color%22%93}&#8221;][et_pb_row _builder_version=&#8221;4.20.0&#8243; _module_preset=&#8221;default&#8221; global_colors_info=&#8221;{}&#8221;][et_pb_column type=&#8221;4_4&#8243; _builder_version=&#8221;4.20.0&#8243; _module_preset=&#8221;default&#8221; global_colors_info=&#8221;{}&#8221;][et_pb_text _builder_version=&#8221;4.27.4&#8243; _module_preset=&#8221;a46486bc-a0a9-42a4-b5fd-cf4c337af5cc&#8221; header_text_color=&#8221;#FFFFFF&#8221; custom_margin=&#8221;||10px||false|false&#8221; hover_enabled=&#8221;0&#8243; locked=&#8221;off&#8221; global_colors_info=&#8221;{}&#8221; sticky_enabled=&#8221;0&#8243;]<\/p>\n<h1>Cultura Organizacional<\/h1>\n<p>[\/et_pb_text][\/et_pb_column][\/et_pb_row][\/et_pb_section][et_pb_section fb_built=&#8221;1&#8243; admin_label=&#8221;Mission &#038; Vision&#8221; _builder_version=&#8221;4.20.0&#8243; _module_preset=&#8221;default&#8221; background_color=&#8221;gcid-af6245ea-df40-48a8-9687-67293107dc0c&#8221; locked=&#8221;off&#8221; collapsed=&#8221;on&#8221; global_colors_info=&#8221;{%22gcid-af6245ea-df40-48a8-9687-67293107dc0c%22:%91%22background_color%22%93}&#8221;][et_pb_row column_structure=&#8221;1_2,1_2&#8243; _builder_version=&#8221;4.20.0&#8243; _module_preset=&#8221;default&#8221; global_colors_info=&#8221;{}&#8221;][et_pb_column type=&#8221;1_2&#8243; _builder_version=&#8221;4.20.0&#8243; _module_preset=&#8221;default&#8221; global_colors_info=&#8221;{}&#8221;][et_pb_text _builder_version=&#8221;4.27.0&#8243; _module_preset=&#8221;679d4e7a-f096-4095-a18f-9ea9f1308c90&#8243; header_2_font=&#8221;Raleway|700|||||||&#8221; header_2_text_color=&#8221;#2875b4&#8243; text_orientation=&#8221;center&#8221; global_colors_info=&#8221;{}&#8221;]<\/p>\n<h2>MISI\u00d3N<\/h2>\n<p>[\/et_pb_text][et_pb_text _builder_version=&#8221;4.27.0&#8243; _module_preset=&#8221;3ac3766c-3abc-44e1-ab88-2b0f163674d9&#8243; text_font=&#8221;Raleway||||||||&#8221; text_text_color=&#8221;#000000&#8243; locked=&#8221;off&#8221; global_colors_info=&#8221;{}&#8221;]Hacemos agenciamiento aduanero seguro y eficiente, a la medida de las necesidades de nuestros clientes.<br \/>\n[\/et_pb_text][\/et_pb_column][et_pb_column type=&#8221;1_2&#8243; _builder_version=&#8221;4.20.0&#8243; _module_preset=&#8221;default&#8221; global_colors_info=&#8221;{}&#8221;][et_pb_text _builder_version=&#8221;4.27.0&#8243; _module_preset=&#8221;679d4e7a-f096-4095-a18f-9ea9f1308c90&#8243; header_2_font=&#8221;Raleway|700|||||||&#8221; header_2_text_color=&#8221;#2875b4&#8243; text_orientation=&#8221;center&#8221; global_colors_info=&#8221;{}&#8221;]<\/p>\n<h2>VISI\u00d3N<\/h2>\n<p>[\/et_pb_text][et_pb_text _builder_version=&#8221;4.27.0&#8243; _module_preset=&#8221;3ac3766c-3abc-44e1-ab88-2b0f163674d9&#8243; text_font=&#8221;Raleway||||||||&#8221; text_text_color=&#8221;#000000&#8243; text_orientation=&#8221;justified&#8221; locked=&#8221;off&#8221; global_colors_info=&#8221;{}&#8221;]Ser la agencia de aduanas con la que quieren trabajar importadores y exportadores por su servicio innovador y de alta calidad, que atrae al mejor talento humano a hacer parte de su equipo de trabajo.<br \/>\n[\/et_pb_text][\/et_pb_column][\/et_pb_row][\/et_pb_section][et_pb_section fb_built=&#8221;1&#8243; admin_label=&#8221;About&#8221; _builder_version=&#8221;4.27.4&#8243; _module_preset=&#8221;default&#8221; background_image=&#8221;https:\/\/prueba.siaco.com.co\/wp-content\/uploads\/2025\/02\/banner-numeros-siaco.png&#8221; parallax=&#8221;on&#8221; locked=&#8221;off&#8221; collapsed=&#8221;on&#8221; global_colors_info=&#8221;{%22gcid-af6245ea-df40-48a8-9687-67293107dc0c%22:%91%22background_color%22,%22background_color%22%93}&#8221;][et_pb_row column_structure=&#8221;1_3,1_3,1_3&#8243; _builder_version=&#8221;4.27.4&#8243; _module_preset=&#8221;default&#8221; global_colors_info=&#8221;{}&#8221;][et_pb_column type=&#8221;1_3&#8243; _builder_version=&#8221;4.27.4&#8243; _module_preset=&#8221;default&#8221; custom_padding=&#8221;40px|30px|50px|30px|false|true&#8221; border_radii=&#8221;on|10px|10px|10px|10px&#8221; border_width_all=&#8221;1px&#8221; border_color_all=&#8221;gcid-aa5ce8f4-a042-4184-8a76-3f3d083cef18&#8243; global_colors_info=&#8221;{%22gcid-aa5ce8f4-a042-4184-8a76-3f3d083cef18%22:%91%22border_color_all%22%93}&#8221;][et_pb_number_counter title=&#8221;Colaboradores a nivel nacional&#8221; number=&#8221;+600&#8243; _builder_version=&#8221;4.27.4&#8243; _module_preset=&#8221;21f6dabd-763e-48f6-9e55-e380b69b7f84&#8243; title_font=&#8221;Red Hat Display|600|||||||&#8221; number_text_color=&#8221;#FFFFFF&#8221; title_text_shadow_style=&#8221;preset1&#8243; number_text_shadow_style=&#8221;preset1&#8243; locked=&#8221;off&#8221; global_colors_info=&#8221;{}&#8221;][\/et_pb_number_counter][\/et_pb_column][et_pb_column type=&#8221;1_3&#8243; _builder_version=&#8221;4.20.0&#8243; _module_preset=&#8221;default&#8221; custom_padding=&#8221;40px|30px|50px|30px|false|true&#8221; border_radii=&#8221;on|10px|10px|10px|10px&#8221; border_width_all=&#8221;1px&#8221; border_color_all=&#8221;gcid-aa5ce8f4-a042-4184-8a76-3f3d083cef18&#8243; global_colors_info=&#8221;{%22gcid-aa5ce8f4-a042-4184-8a76-3f3d083cef18%22:%91%22border_color_all%22%93}&#8221;][et_pb_number_counter title=&#8221;Clientes activos&#8221; number=&#8221;+500&#8243; _builder_version=&#8221;4.27.4&#8243; _module_preset=&#8221;21f6dabd-763e-48f6-9e55-e380b69b7f84&#8243; title_font=&#8221;Red Hat Display|600|||||||&#8221; number_text_color=&#8221;#FFFFFF&#8221; title_text_shadow_style=&#8221;preset3&#8243; number_text_shadow_style=&#8221;preset1&#8243; locked=&#8221;off&#8221; global_colors_info=&#8221;{}&#8221;][\/et_pb_number_counter][\/et_pb_column][et_pb_column type=&#8221;1_3&#8243; _builder_version=&#8221;4.20.0&#8243; _module_preset=&#8221;default&#8221; custom_padding=&#8221;40px|30px|50px|30px|false|true&#8221; border_radii=&#8221;on|10px|10px|10px|10px&#8221; border_width_all=&#8221;1px&#8221; border_color_all=&#8221;gcid-aa5ce8f4-a042-4184-8a76-3f3d083cef18&#8243; global_colors_info=&#8221;{%22gcid-aa5ce8f4-a042-4184-8a76-3f3d083cef18%22:%91%22border_color_all%22%93}&#8221;][et_pb_number_counter title=&#8221;A\u00f1os de experiencia&#8221; number=&#8221;+40&#8243; _builder_version=&#8221;4.27.4&#8243; _module_preset=&#8221;21f6dabd-763e-48f6-9e55-e380b69b7f84&#8243; title_font=&#8221;Red Hat Display|600|||||||&#8221; number_text_color=&#8221;#FFFFFF&#8221; title_text_shadow_style=&#8221;preset3&#8243; number_text_shadow_style=&#8221;preset1&#8243; locked=&#8221;off&#8221; global_colors_info=&#8221;{}&#8221;][\/et_pb_number_counter][\/et_pb_column][\/et_pb_row][\/et_pb_section][et_pb_section fb_built=&#8221;1&#8243; admin_label=&#8221;Feature&#8221; _builder_version=&#8221;4.27.0&#8243; _module_preset=&#8221;default&#8221; background_color=&#8221;gcid-af6245ea-df40-48a8-9687-67293107dc0c&#8221; locked=&#8221;off&#8221; collapsed=&#8221;on&#8221; global_colors_info=&#8221;{%22gcid-af6245ea-df40-48a8-9687-67293107dc0c%22:%91%22background_color%22%93}&#8221;][et_pb_row _builder_version=&#8221;4.27.4&#8243; _module_preset=&#8221;default&#8221; global_colors_info=&#8221;{}&#8221;][et_pb_column type=&#8221;4_4&#8243; _builder_version=&#8221;4.27.4&#8243; _module_preset=&#8221;default&#8221; global_colors_info=&#8221;{}&#8221;][et_pb_text _builder_version=&#8221;4.27.4&#8243; _module_preset=&#8221;679d4e7a-f096-4095-a18f-9ea9f1308c90&#8243; header_2_font=&#8221;Raleway|700|||||||&#8221; header_2_text_align=&#8221;center&#8221; header_2_text_color=&#8221;#2875b4&#8243; text_orientation=&#8221;center&#8221; global_colors_info=&#8221;{}&#8221;]<\/p>\n<h2>Nuestras sucursales<\/h2>\n<p>[\/et_pb_text][et_pb_text _builder_version=&#8221;4.27.4&#8243; _module_preset=&#8221;3ac3766c-3abc-44e1-ab88-2b0f163674d9&#8243; text_font=&#8221;Raleway||||||||&#8221; text_text_color=&#8221;#000000&#8243; text_orientation=&#8221;justified&#8221; locked=&#8221;off&#8221; global_colors_info=&#8221;{}&#8221;]<span style=\"font-weight: 400;\">Agencia de Aduanas Siaco Nivel 1 cuenta con oficinas propias a nivel nacional en los principales puertos, aeropuertos y cruces fronterizos.<\/span><br \/>\n[\/et_pb_text][\/et_pb_column][\/et_pb_row][et_pb_row column_structure=&#8221;1_2,1_4,1_4&#8243; _builder_version=&#8221;4.27.4&#8243; _module_preset=&#8221;default&#8221; global_colors_info=&#8221;{}&#8221;][et_pb_column type=&#8221;1_2&#8243; _builder_version=&#8221;4.20.0&#8243; _module_preset=&#8221;default&#8221; global_colors_info=&#8221;{}&#8221;][et_pb_image src=&#8221;https:\/\/prueba.siaco.com.co\/wp-content\/uploads\/2025\/02\/MAPA-SIACO-FIN.png&#8221; title_text=&#8221;MAPA SIACO FIN&#8221; _builder_version=&#8221;4.27.4&#8243; _module_preset=&#8221;default&#8221; global_colors_info=&#8221;{}&#8221;][\/et_pb_image][\/et_pb_column][et_pb_column type=&#8221;1_4&#8243; _builder_version=&#8221;4.20.0&#8243; _module_preset=&#8221;default&#8221; global_colors_info=&#8221;{}&#8221;][et_pb_text _builder_version=&#8221;4.27.2&#8243; _module_preset=&#8221;679d4e7a-f096-4095-a18f-9ea9f1308c90&#8243; header_2_font=&#8221;Raleway|700|||||||&#8221; header_2_text_align=&#8221;left&#8221; header_2_text_color=&#8221;#2875b4&#8243; text_orientation=&#8221;center&#8221; custom_margin=&#8221;||9px|||&#8221; global_colors_info=&#8221;{}&#8221;]<\/p>\n<h2>Sucursales<\/h2>\n<p>[\/et_pb_text][et_pb_toggle title=&#8221;SIACO Oficina Principal Bogot\u00e1&#8221; open_toggle_background_color=&#8221;#FFFFFF&#8221; closed_toggle_text_color=&#8221;#FFFFFF&#8221; closed_toggle_background_color=&#8221;#f15c41&#8243; icon_color=&#8221;#FFFFFF&#8221; open_icon_color=&#8221;#f15c41&#8243; open_toggle_icon=&#8221;&#xe081;||divi||400&#8243; open_use_icon_font_size=&#8221;on&#8221; open_icon_font_size=&#8221;14px&#8221; _builder_version=&#8221;4.27.4&#8243; _module_preset=&#8221;default&#8221; title_font=&#8221;Raleway||||||||&#8221; title_font_size=&#8221;14px&#8221; closed_title_font=&#8221;Raleway|600|||||||&#8221; custom_margin=&#8221;||8px|||&#8221; custom_padding=&#8221;13px||12px|||&#8221; global_colors_info=&#8221;{}&#8221;]Ak 97 # 24C -80. Bogot\u00e1 DC, Cundinamarca<br \/>\n[\/et_pb_toggle][et_pb_toggle title=&#8221;SIACO Oficina Avianca Bogot\u00e1&#8221; open_toggle_background_color=&#8221;#FFFFFF&#8221; closed_toggle_text_color=&#8221;#FFFFFF&#8221; closed_toggle_background_color=&#8221;#f15c41&#8243; icon_color=&#8221;#FFFFFF&#8221; open_icon_color=&#8221;#f15c41&#8243; open_toggle_icon=&#8221;&#xe081;||divi||400&#8243; open_use_icon_font_size=&#8221;on&#8221; open_icon_font_size=&#8221;14px&#8221; _builder_version=&#8221;4.27.4&#8243; _module_preset=&#8221;default&#8221; title_font=&#8221;Raleway||||||||&#8221; title_font_size=&#8221;14px&#8221; closed_title_font=&#8221;Raleway|600|||||||&#8221; custom_margin=&#8221;||8px|||&#8221; custom_padding=&#8221;13px||12px|||&#8221; global_colors_info=&#8221;{}&#8221;]Av Calle 26 # 106-39. Piso 4 Oficina 412 y Piso 1 Oficina 130 Bogot\u00e1 DC, Cundinamarca<br \/>\n[\/et_pb_toggle][et_pb_toggle title=&#8221;SIACO Oficina Cartagena&#8221; open_toggle_background_color=&#8221;#FFFFFF&#8221; closed_toggle_text_color=&#8221;#FFFFFF&#8221; closed_toggle_background_color=&#8221;#f15c41&#8243; icon_color=&#8221;#FFFFFF&#8221; open_icon_color=&#8221;#f15c41&#8243; open_toggle_icon=&#8221;&#xe081;||divi||400&#8243; open_use_icon_font_size=&#8221;on&#8221; open_icon_font_size=&#8221;14px&#8221; _builder_version=&#8221;4.27.4&#8243; _module_preset=&#8221;default&#8221; title_font=&#8221;Raleway||||||||&#8221; title_font_size=&#8221;14px&#8221; closed_title_font=&#8221;Raleway|600|||||||&#8221; custom_margin=&#8221;||8px|||&#8221; custom_padding=&#8221;13px||12px|||&#8221; global_colors_info=&#8221;{}&#8221;]Calle 28 # 27-05 Oficina 2303-2304 Edificio SEAPORT 3 Barrio Manga Cartagena<br \/>\n[\/et_pb_toggle][et_pb_toggle title=&#8221;SIACO Oficina Buenaventura&#8221; open_toggle_background_color=&#8221;#FFFFFF&#8221; closed_toggle_text_color=&#8221;#FFFFFF&#8221; closed_toggle_background_color=&#8221;#f15c41&#8243; icon_color=&#8221;#FFFFFF&#8221; open_icon_color=&#8221;#f15c41&#8243; open_toggle_icon=&#8221;&#xe081;||divi||400&#8243; open_use_icon_font_size=&#8221;on&#8221; open_icon_font_size=&#8221;14px&#8221; _builder_version=&#8221;4.27.4&#8243; _module_preset=&#8221;default&#8221; title_font=&#8221;Raleway||||||||&#8221; title_font_size=&#8221;14px&#8221; closed_title_font=&#8221;Raleway|600|||||||&#8221; custom_margin=&#8221;||8px|||&#8221; custom_padding=&#8221;13px||12px|||&#8221; global_colors_info=&#8221;{}&#8221;]Cra 3 # 2-13\/L. 1-2-3. Buenaventura, Valle del Cauca<br \/>\n[\/et_pb_toggle][et_pb_toggle title=&#8221;SIACO Oficina Medell\u00edn&#8221; open_toggle_background_color=&#8221;#FFFFFF&#8221; closed_toggle_text_color=&#8221;#FFFFFF&#8221; closed_toggle_background_color=&#8221;#f15c41&#8243; icon_color=&#8221;#FFFFFF&#8221; open_icon_color=&#8221;#f15c41&#8243; open_toggle_icon=&#8221;&#xe081;||divi||400&#8243; open_use_icon_font_size=&#8221;on&#8221; open_icon_font_size=&#8221;14px&#8221; _builder_version=&#8221;4.27.4&#8243; _module_preset=&#8221;default&#8221; title_font=&#8221;Raleway||||||||&#8221; title_font_size=&#8221;14px&#8221; closed_title_font=&#8221;Raleway|600|||||||&#8221; custom_margin=&#8221;||8px|||&#8221; custom_padding=&#8221;13px||12px|||&#8221; global_colors_info=&#8221;{}&#8221;]Glorieta del Aeropuerto Jos\u00e9 Mar\u00eda C\u00f3rdova, Centro Ciudad Karga Fase 1 Oficina 311. Rionegro, Antioquia.<br \/>\n[\/et_pb_toggle][et_pb_toggle title=&#8221;SIACO Oficina Cali&#8221; open_toggle_background_color=&#8221;#FFFFFF&#8221; closed_toggle_text_color=&#8221;#FFFFFF&#8221; closed_toggle_background_color=&#8221;#f15c41&#8243; icon_color=&#8221;#FFFFFF&#8221; open_icon_color=&#8221;#f15c41&#8243; open_toggle_icon=&#8221;&#xe081;||divi||400&#8243; open_use_icon_font_size=&#8221;on&#8221; open_icon_font_size=&#8221;14px&#8221; _builder_version=&#8221;4.27.4&#8243; _module_preset=&#8221;default&#8221; title_font=&#8221;Raleway||||||||&#8221; title_font_size=&#8221;14px&#8221; closed_title_font=&#8221;Raleway|600|||||||&#8221; custom_margin=&#8221;||8px|||&#8221; custom_padding=&#8221;13px||12px|||&#8221; global_colors_info=&#8221;{}&#8221;]CALLE 64 N # 05-B-26 CENTRO EMPRESA MENGA<br \/>\n[\/et_pb_toggle][et_pb_toggle title=&#8221;SIACO Oficina Ipiales&#8221; open_toggle_background_color=&#8221;#FFFFFF&#8221; closed_toggle_text_color=&#8221;#FFFFFF&#8221; closed_toggle_background_color=&#8221;#f15c41&#8243; icon_color=&#8221;#FFFFFF&#8221; open_icon_color=&#8221;#f15c41&#8243; open_toggle_icon=&#8221;&#xe081;||divi||400&#8243; open_use_icon_font_size=&#8221;on&#8221; open_icon_font_size=&#8221;14px&#8221; _builder_version=&#8221;4.27.4&#8243; _module_preset=&#8221;default&#8221; title_font=&#8221;Raleway||||||||&#8221; title_font_size=&#8221;14px&#8221; closed_title_font=&#8221;Raleway|600|||||||&#8221; custom_margin=&#8221;||8px|||&#8221; custom_padding=&#8221;13px||12px|||&#8221; global_colors_info=&#8221;{}&#8221;]Centro Comercial Rumichaca Local 23 en Ipiales-Nari\u00f1o-Colombia.<br \/>\n[\/et_pb_toggle][\/et_pb_column][et_pb_column type=&#8221;1_4&#8243; _builder_version=&#8221;4.20.0&#8243; _module_preset=&#8221;default&#8221; global_colors_info=&#8221;{}&#8221;][et_pb_text _builder_version=&#8221;4.27.4&#8243; _module_preset=&#8221;679d4e7a-f096-4095-a18f-9ea9f1308c90&#8243; header_2_font=&#8221;Raleway|700|||||||&#8221; header_2_text_align=&#8221;left&#8221; header_2_text_color=&#8221;#2875b4&#8243; header_2_line_height=&#8221;1em&#8221; text_orientation=&#8221;center&#8221; global_colors_info=&#8221;{}&#8221;]<\/p>\n<h2>Agentes aduanales<\/h2>\n<p>[\/et_pb_text][et_pb_button button_text=&#8221;SIACO Manizales&#8221; _builder_version=&#8221;4.27.4&#8243; _module_preset=&#8221;default&#8221; custom_button=&#8221;on&#8221; button_text_size=&#8221;15px&#8221; button_text_color=&#8221;#FFFFFF&#8221; button_bg_color=&#8221;#f15c41&#8243; button_border_width=&#8221;0px&#8221; button_border_radius=&#8221;1px&#8221; button_letter_spacing=&#8221;0px&#8221; button_font=&#8221;Raleway||||||||&#8221; button_icon=&#8221;&#xf3c5;||fa||900&#8243; button_on_hover=&#8221;off&#8221; custom_margin=&#8221;||9px||false|false&#8221; global_colors_info=&#8221;{}&#8221;][\/et_pb_button][et_pb_button button_text=&#8221;SIACO C\u00facuta&#8221; _builder_version=&#8221;4.27.4&#8243; _module_preset=&#8221;default&#8221; custom_button=&#8221;on&#8221; button_text_size=&#8221;15px&#8221; button_text_color=&#8221;#FFFFFF&#8221; button_bg_color=&#8221;#f15c41&#8243; button_border_width=&#8221;0px&#8221; button_border_radius=&#8221;1px&#8221; button_letter_spacing=&#8221;0px&#8221; button_font=&#8221;Raleway||||||||&#8221; button_icon=&#8221;&#xf3c5;||fa||900&#8243; button_on_hover=&#8221;off&#8221; custom_margin=&#8221;||9px||false|false&#8221; global_colors_info=&#8221;{}&#8221;][\/et_pb_button][et_pb_button button_text=&#8221;SIACO Pereira&#8221; _builder_version=&#8221;4.27.4&#8243; _module_preset=&#8221;default&#8221; custom_button=&#8221;on&#8221; button_text_size=&#8221;15px&#8221; button_text_color=&#8221;#FFFFFF&#8221; button_bg_color=&#8221;#f15c41&#8243; button_border_width=&#8221;0px&#8221; button_border_radius=&#8221;1px&#8221; button_letter_spacing=&#8221;0px&#8221; button_font=&#8221;Raleway||||||||&#8221; button_icon=&#8221;&#xf3c5;||fa||900&#8243; button_on_hover=&#8221;off&#8221; custom_margin=&#8221;||9px||false|false&#8221; global_colors_info=&#8221;{}&#8221;][\/et_pb_button][et_pb_button button_text=&#8221;SIACO Paraguach\u00f3n&#8221; _builder_version=&#8221;4.27.4&#8243; _module_preset=&#8221;default&#8221; custom_button=&#8221;on&#8221; button_text_size=&#8221;15px&#8221; button_text_color=&#8221;#FFFFFF&#8221; button_bg_color=&#8221;#f15c41&#8243; button_border_width=&#8221;0px&#8221; button_border_radius=&#8221;1px&#8221; button_letter_spacing=&#8221;0px&#8221; button_font=&#8221;Raleway||||||||&#8221; button_icon=&#8221;&#xf3c5;||fa||900&#8243; button_on_hover=&#8221;off&#8221; custom_margin=&#8221;||9px||false|false&#8221; global_colors_info=&#8221;{}&#8221;][\/et_pb_button][et_pb_button button_text=&#8221;SIACO Santa Marta&#8221; _builder_version=&#8221;4.27.4&#8243; _module_preset=&#8221;default&#8221; custom_button=&#8221;on&#8221; button_text_size=&#8221;15px&#8221; button_text_color=&#8221;#FFFFFF&#8221; button_bg_color=&#8221;#f15c41&#8243; button_border_width=&#8221;0px&#8221; button_border_radius=&#8221;1px&#8221; button_letter_spacing=&#8221;0px&#8221; button_font=&#8221;Raleway||||||||&#8221; button_icon=&#8221;&#xf3c5;||fa||900&#8243; button_on_hover=&#8221;off&#8221; custom_margin=&#8221;||9px||false|false&#8221; global_colors_info=&#8221;{}&#8221;][\/et_pb_button][et_pb_button button_text=&#8221;SIACO Barranquilla&#8221; _builder_version=&#8221;4.27.4&#8243; _module_preset=&#8221;default&#8221; custom_button=&#8221;on&#8221; button_text_size=&#8221;15px&#8221; button_text_color=&#8221;#FFFFFF&#8221; button_bg_color=&#8221;#f15c41&#8243; button_border_width=&#8221;0px&#8221; button_border_radius=&#8221;1px&#8221; button_letter_spacing=&#8221;0px&#8221; button_font=&#8221;Raleway||||||||&#8221; button_icon=&#8221;&#xf3c5;||fa||900&#8243; button_on_hover=&#8221;off&#8221; custom_margin=&#8221;||9px||false|false&#8221; global_colors_info=&#8221;{}&#8221;][\/et_pb_button][et_pb_button button_text=&#8221;SIACO Bucaramanga&#8221; _builder_version=&#8221;4.27.4&#8243; _module_preset=&#8221;default&#8221; custom_button=&#8221;on&#8221; button_text_size=&#8221;15px&#8221; button_text_color=&#8221;#FFFFFF&#8221; button_bg_color=&#8221;#f15c41&#8243; button_border_width=&#8221;0px&#8221; button_border_radius=&#8221;1px&#8221; button_letter_spacing=&#8221;0px&#8221; button_font=&#8221;Raleway||||||||&#8221; button_icon=&#8221;&#xf3c5;||fa||900&#8243; button_on_hover=&#8221;off&#8221; custom_margin=&#8221;||9px||false|false&#8221; global_colors_info=&#8221;{}&#8221;][\/et_pb_button][\/et_pb_column][\/et_pb_row][\/et_pb_section][et_pb_section fb_built=&#8221;1&#8243; admin_label=&#8221;About&#8221; _builder_version=&#8221;4.27.0&#8243; _module_preset=&#8221;default&#8221; background_color=&#8221;#f5f5f5&#8243; locked=&#8221;off&#8221; collapsed=&#8221;on&#8221; global_colors_info=&#8221;{}&#8221;][et_pb_row column_structure=&#8221;1_2,1_2&#8243; _builder_version=&#8221;4.20.0&#8243; _module_preset=&#8221;default&#8221; global_colors_info=&#8221;{}&#8221;][et_pb_column type=&#8221;1_2&#8243; _builder_version=&#8221;4.20.0&#8243; _module_preset=&#8221;default&#8221; global_colors_info=&#8221;{}&#8221;][et_pb_text _builder_version=&#8221;4.27.4&#8243; _module_preset=&#8221;64fc677a-3842-469e-b320-c039ecf28651&#8243; text_font=&#8221;Raleway||||||||&#8221; text_text_color=&#8221;#000000&#8243; text_orientation=&#8221;justified&#8221; global_colors_info=&#8221;{}&#8221;]<\/p>\n<p>Nuestra agencia de aduanas ofrece una amplia gama de servicios brindando seguridad, agilidad y confiabilidad en todos los procesos de comercio exterior de nuestros clientes.<\/p>\n<p>Dentro de nuestros principales servicios se encuentran:<\/p>\n<ul>\n<li>IMPORTACI\u00d3N<\/li>\n<li>EXPORTACI\u00d3N<\/li>\n<li>TR\u00c1NSITO<\/li>\n<\/ul>\n<p>[\/et_pb_text][\/et_pb_column][et_pb_column type=&#8221;1_2&#8243; _builder_version=&#8221;4.20.0&#8243; _module_preset=&#8221;default&#8221; global_colors_info=&#8221;{}&#8221;][et_pb_image src=&#8221;https:\/\/prueba.siaco.com.co\/wp-content\/uploads\/2024\/10\/siaco-imagen-nosotros-2.png&#8221; title_text=&#8221;siaco-imagen-nosotros&#8221; _builder_version=&#8221;4.27.0&#8243; _module_preset=&#8221;default&#8221; global_colors_info=&#8221;{}&#8221;][\/et_pb_image][\/et_pb_column][\/et_pb_row][\/et_pb_section]<\/p>\n","protected":false},"excerpt":{"rendered":"<p>Cultura OrganizacionalMISI\u00d3N Hacemos agenciamiento aduanero seguro y eficiente, a la medida de las necesidades de nuestros clientes. VISI\u00d3N Ser la agencia de aduanas con la que quieren trabajar importadores y exportadores por su servicio innovador y de alta calidad, que atrae al mejor talento humano a hacer parte de su equipo de trabajo. Nuestras sucursales [&hellip;]<\/p>\n","protected":false},"author":1,"featured_media":0,"parent":0,"menu_order":0,"comment_status":"closed","ping_status":"closed","template":"","meta":{"_acf_changed":false,"_et_pb_use_builder":"on","_et_pb_old_content":"<!-- wp:divi\/placeholder \/-->","_et_gb_content_width":"","footnotes":""},"class_list":["post-1221","page","type-page","status-publish","hentry"],"acf":[],"_links":{"self":[{"href":"https:\/\/siaco.com.co\/index.php\/wp-json\/wp\/v2\/pages\/1221","targetHints":{"allow":["GET"]}}],"collection":[{"href":"https:\/\/siaco.com.co\/index.php\/wp-json\/wp\/v2\/pages"}],"about":[{"href":"https:\/\/siaco.com.co\/index.php\/wp-json\/wp\/v2\/types\/page"}],"author":[{"embeddable":true,"href":"https:\/\/siaco.com.co\/index.php\/wp-json\/wp\/v2\/users\/1"}],"replies":[{"embeddable":true,"href":"https:\/\/siaco.com.co\/index.php\/wp-json\/wp\/v2\/comments?post=1221"}],"version-history":[{"count":4,"href":"https:\/\/siaco.com.co\/index.php\/wp-json\/wp\/v2\/pages\/1221\/revisions"}],"predecessor-version":[{"id":1226,"href":"https:\/\/siaco.com.co\/index.php\/wp-json\/wp\/v2\/pages\/1221\/revisions\/1226"}],"wp:attachment":[{"href":"https:\/\/siaco.com.co\/index.php\/wp-json\/wp\/v2\/media?parent=1221"}],"curies":[{"name":"wp","href":"https:\/\/api.w.org\/{rel}","templated":true}]}}